n base 3?
-10022
Convert c (base 15) to base 6.
20
28 (base 11) to base 12
26
What is 5 (base 14) in base 2?
101
Convert -143 (base 6) to base 7.
-120
What is -14 (base 11) in base 15?
-10
What is -100 (base 8) in base 16?
-40
Convert -16 (base 16) to base 9.
-24
6e (base 16) to base 8
156
Convert -213 (base 7) to base 14.
-7a
86 (base 9) to base 6
210
What is -38 (base 14) in base 5?
-200
Convert -3 (base 5) to base 12.
-3
Convert -100 (base 2) to base 4.
-10
Convert 1 (base 5) to base 14.
1
212 (base 3) to base 12
1b
-150 (base 7) to base 4
-1110
Convert -20 (base 16) to base 6.
-52
51 (base 13) to base 16
42
What is -24 (base 10) in base 4?
-120
-4 (base 11) to base 14
-4
-a (base 16) to base 9
-11
Convert -101 (base 4) to base 2.
-10001
What is 1 (base 10) in base 8?
1
-2 (base 15) to base 13
-2
3 (base 8) to base 10
3
Convert -2 (base 10) to base 13.
-2
3 (base 15) to base 6
3
What is -9 (base 14) in base 4?
-21
Convert 1b (base 12) to base 11.
21
Convert -7d (base 15) to base 9.
-141
What is 111 (base 2) in base 16?
7
-10 (base 5) to base 3
-12
Convert 1 (base 15) to base 13.
1
What is -4 (base 5) in base 8?
-4
What is -5 (base 11) in base 16?
-5
What is 156 (base 9) in base 3?
11220
What is 2 (base 7) in base 12?
2
Convert 2 (base 13) to base 12.
2
What is 3 (base 13) in base 15?
3
What is 61 (base 16) in base 8?
141
7 (base 13) to base 14
7
Convert 14 (base 5) to base 7.
12
What is -2033 (base 4) in base 13?
-b0
What is -342 (base 10) in base 2?
-101010110
Convert 60 (base 13) to base 2.
1001110
What is -1 (base 16) in base 14?
-1
Convert 32 (base 12) to base 7.
53
What is -14 (base 7) in base 13?
-b
Convert 1 (base 4) to base 11.
1
d6 (base 16) to base 4
3112
What is -2 (base 14) in base 16?
-2
What is 44 (base 9) in base 4?
220
What is 100111 (base 2) in base 10?
39
Convert 4 (base 15) to base 6.
4
What is -17 (base 13) in base 11?
-19
What is -4 (base 13) in base 5?
-4
Convert -9 (base 12) to base 4.
-21
-18 (base 11) to base 6
-31
What is 10 (base 2) in base 15?
2
What is 1220 (base 3) in base 11?
47
Convert -2b (base 12) to base 10.
-35
27 (base 16) to base 6
103
1 (base 2) to base 9
1
What is -3 (base 16) in base 14?
-3
What is 1022 (base 5) in base 10?
137
What is 10 (base 9) in base 11?
9
What is -1 (base 9) in base 7?
-1
15 (base 8) to base 16
d
Convert -3 (base 5) to base 9.
-3
25 (base 13) to base 7
43
-7 (base 12) to base 6
-11
What is -101 (base 6) in base 14?
-29
What is 41 (base 7) in base 16?
1d
What is -11 (base 9) in base 4?
-22
32 (base 11) to base 9
38
-16 (base 7) to base 12
-11
What is -1 (base 4) in base 6?
-1
What is 8b (base 12) in base 3?
10222
Convert -9 (base 10) to base 15.
-9
Convert -3 (base 5) to base 15.
-3
Convert 1 (base 15) to base 13.
1
2 (base 9) to base 15
2
Convert 2a (base 13) to base 7.
51
What is -222 (base 8) in base 12?
-102
What is -223 (base 8) in base 4?
-2103
What is 21 (base 9) in base 7?
25
1 (base 4) to base 7
1
Convert -324 (base 5) to base 11.
-81
Convert 9 (base 10) to base 15.
9
-10011 (base 2) to base 10
-19
Convert -13 (base 14) to base 10.
-17
101100 (base 2) to base 4
230
What is 1 (base 9) in base 4?
1
Convert 8 (base 10) to base 6.
12
What is -17 (base 10) in base 8?
-21
120 (base 6) to base 11
44
Convert 425 (base 7) to base 5.
1330
-11 (base 5) to base 11
-6
What is -10 (base 6) in base 9?
-6
What is 10 (base 13) in base 6?
21
What is 3 (base 6) in base 9?
3
Convert -2 (base 5) to base 11.
-2
What is 10 (base 10) in base 3?
101
Convert 1 (base 3) to base 11.
1
Convert -17 (base 14) to base 15.
-16
Convert -a8 (base 12) to base 15.
-88
What is -31 (base 11) in base 5?
-114
What is 27 (base 13) in base 6?
53
What is -86 (base 11) in base 7?
-163
-131 (base 6) to base 14
-3d
Convert -11 (base 6) to base 3.
-21
-8 (base 12) to base 15
-8
What is 1 (base 8) in base 12?
1
27 (base 8) to base 14
19
-11111001 (base 2) to base 7
-504
-11 (base 5) to base 8
-6
Convert 353 (base 6) to base 7.
261
What is -201 (base 3) in base 8?
-23
-305 (base 7) to base 12
-108
What is -34 (base 6) in base 9?
-24
What is -120 (base 3) in base 13?
-12
What is -22 (base 4) in base 16?
-a
-6 (base 9) to base 2
-110
What is -74 (base 13) in base 4?
-1133
Convert 2 (base 14) to base 5.
2
Convert -3102 (base 4) to base 7.
-420
Convert a2 (base 11) to base 14.
80
What is 120 (base 6) in base 14?
36
What is 25 (base 16) in base 9?
41
Convert 14 (base 10) to base 13.
11
What is 0 (base 11) in base 3?
0
-10001 (base 2) to base 11
-16
112 (base 4) to base 14
18
4 (base 6) to base 3
11
What is 5 (base 6) in base 13?
5
What is 1 (base 5) in base 2?
1
-2000 (base 5) to base 3
-100021
Convert 2 (base 10) to base 13.
2
-54 (base 7) to base 12
-33
1d (base 16) to base 14
21
Convert -9 (base 15) to base 2.
-1001
Convert -225 (base 6) to base 14.
-65
Convert -110 (base 2) to base 14.
-6
Convert 35 (base 6) to base 10.
23
Convert -7 (base 13) to base 16.
-7
Convert -8 (base 14) to base 15.
-8
What is 154 (base 8) in base 10?
108
53 (base 6) to base 2
100001
What is -41 (base 11) in base 9?
-50
0 (base 16) to base 13
0
1 (base 7) to base 8
1
-3 (base 4) to base 15
-3
What is 3 (base 13) in base 15?
3
What is 101 (base 10) in base 15?
6b
Convert -1 (base 14) to base 3.
-1
-6 (base 13) to base 4
-12
Convert -11 (base 7) to base 3.
-22
210 (base 3) to base 15
16
What is 101 (base 3) in base 11?
a
Convert -14 (base 9) to base 3.
-111
125 (base 6) to base 8
65
Convert 43 (base 11) to base 10.
47
-12 (base 7) to base 10
-9
1001 (base 2) to base 10
9
-1110000 (base 2) to base 14
-80
5 (base 10) to base 5
10
-4 (base 6) to base 15
-4
Convert c (base 15) to base 8.
14
Convert -21 (base 14) to base 8.
-35
1 (base 14) to base 5
1
Convert -76 (base 8) to base 13.
-4a
Convert -2 (base 5) to base 16.
-2
-2 (base 4) to base 15
-2
Convert -32 (base 7) to base 13.
-1a
-9 (base 12) to base 10
-9
Convert 0 (base 8) to base 15.
0
2 (base 11) to base 8
2
1 (base 3) to base 6
1
What is 312 (base 5) in base 6?
214
-7 (base 14) to base 10
-7
What is -36 (base 14) in base 7?
-66
Convert -6 (base 7) to base 6.
-10
Convert -6 (base 7) to base 14.
-6
Convert 1001 (base 2) to base 6.
13
What is -118 (base 10) in base 5?
-433
Convert -341 (base 6) to base 16.
-85
20 (base 11) to base 6
34
What is -2 (base 12) in base 8?
-2
What is -27 (base 13) in base 12?
-29
-7 (base 16) to base 7
-10
2 (base 16) to base 7
2
What is -3 (base 4) in base 13?
-3
2 (base 13) to base 2
10
-13 (base 11) to base 6
-22
What is 15 (base 6) in base 11?
10
What is -2a8 (base 11) in base 3?
-111100
What is -11 (base 3) in base 6?
-4
What is 49 (base 14) in base 2?
1000001
What is 91 (base 15) in base 5?
1021
-1202 (base 3) to base 5
-142
What is b1 (base 16) in base 12?
129
312 (base 5) to base 10
82
Convert -58 (base 10) to base 9.
-64
Convert 2 (base 13) to base 4.
2
What is -3 (base 15) in base 6?
-3
What is 9b (base 13) in base 4?
2000
What is 21 (base 3) in base 13?
7
-512 (base 7) to base 13
-167
Convert 7 (base 12) to base 6.
11
What is -3 (base 10) in base 12?
-3
ba (base 15) to base 11
14a
Convert 153 (base 6) to base 16.
45
-202 (base 4) to base 9
-37
Convert 10 (base 8) to base 4.
20
Convert 61 (base 8) to base 13.
3a
a (base 12) to base 16
a
What is 103 (base 5) in base 16?
1c
-32 (base 8) to base 6
-42
Convert 33 (base 5) to base 12.
16
1a (base 13) to base 2
10111
Convert 4a (base 11) to base 16.
36
Convert -19 (base 13) to base 15.
-17
Convert 1 (base 6) to base 4.
1
What is 2 (base 5) in base 13?
2
What is 20 (base 3) in base 11?
6
What is -1101 (base 2) in base 11?
-12
72 (base 9) to base 3
2102
What is 1 (base 11) in base 5?
1
1 (base 12) to base 5
1
What is -2233 (base 4) in base 12?
-127
What is -35 (base 9) in base 7?
-44
Convert -10 (base 4) to base 8.
-4
What is -3 (base 11) in base 5?
-3
Convert 222 (base 4) to base 7.
60
Convert -27 (base 14) to base 2.
-100011
What is -41 (base 14) in base 9?
-63
2 (base 7) to base 9
2
What is 64 (base 11) in base 10?
70
Convert 2 (base 7) to base 13.
2
-29 (base 12) to base 10
-33
What is 101101 (base 2) in base 12?
39
-12 (base 4) to base 16
-6
What is 2032 (base 5) in base 16?
10b
2 (base 3) to base 10
2
What is -19 (base 14) in base 8?
-27
-13 (base 16) to base 11
-18
-316 (base 8) to base 12
-152
1 (base 14